factors of n(2)?
2, 17, 43
Let c(f) = 1843*f + 5558. What are the prime factors of c(8)?
2, 10151
Let t = 13120 + -8080. What are the prime factors of t?
2, 3, 5, 7
Suppose -4*f - 3 = -3*o, -5*f = o - 6*o + 5. Let z = f + 4. List the prime factors of (z - 16)/(6/(-33)).
2, 3, 11
Let z = -52365 - -75781. List the prime factors of z.
2, 2927
Suppose -5*p - 5*a = -1635, 0*a = 4*p - 3*a - 1336. Let t be p/(2 + (-9)/6). List the prime factors of (-3)/2 - t*(-5)/20.
2, 41
What are the prime factors of (-8)/16 + (-87444)/(-8)?
2, 5, 1093
Suppose -s - s = 0, -2486 = -o - 5*s + 2950. List the prime factors of o.
2, 3, 151
Let x = 286 - 296. What are the prime factors of ((-125)/50)/(x/2536)?
2, 317
Suppose 2*x - m - 13 = 0, -4*m - 9 = -x - m. Suppose x + 39 = 5*k. List the prime factors of k.
3
Suppose -5*k - 972 - 2039 = 4*r, -k - 5*r - 619 = 0. Let h = 631 + k. What are the prime factors of h?
2
Let w be ((-3786)/9)/((3/(-18))/1). Suppose -o = 3*p - w, p - 2 - 840 = -o. List the prime factors of p.
29
Let w be (0 - (0 + -1))*(7 - 0). Suppose -5*j + w = -18. List the prime factors of 558/j - (-16)/40.
2, 7
Let w = 10509 + 9438. What are the prime factors of w?
3, 61, 109
Let i(q) = -q**2 - 29*q - 41. Let r be i(-27). Suppose -2*o = r*o - 8325. What are the prime factors of o?
3, 5, 37
Let o = 15 - -175. Suppose -2*b + o = 8*b. What are the prime factors of b?
19
Let r(a) = 1097*a - 543. List the prime factors of r(15).
2, 3, 13, 17
What are the prime factors of ((-7)/14)/((-84)/2020368)?
2, 7, 859
Let o be 5/3 + 2 - 2/3. Suppose -b + 351 = 4*a - 3*a, o*b = -2*a + 707. What are the prime factors of a?
2, 173
Suppose -12848 = -6*o - 10*o. Suppose p = f - o, 16*p + 9 = 19*p. List the prime factors of f.
2, 13, 31
Let z = -11 - -15. Suppose z = 3*w - 5, 0 = -3*r - 3*w + 354. List the prime factors of r.
5, 23
Let i be (6 - 2 - 1) + -8 + -263. Let f = 819 + i. List the prime factors of f.
19, 29
Let f = 42 + -36. Suppose 2*s - 4*b - 2 = 0, 4*s = -b - 2 + f. Let z(k) = 57*k**3 + k**2 - k + 1. What are the prime factors of z(s)?
2, 29
Let c(d) = -38 + 4 + 1424*d**2 + 36 + 3*d. What are the prime factors of c(-1)?
1423
Suppose -37992 - 12540 = -115*q + 109*q. List the prime factors of q.
2, 4211
Suppose 3*x - 1 = 35. Let i(h) = 50*h + 235. List the prime factors of i(x).
5, 167
Let p = -39551 + 26852. What are the prime factors of p/(-102) - (0 - 1/(-2))?
2, 31
Let n be ((-6)/21)/((-1)/(-7)). Let p(k) = 59*k**2 + 1. Let o be p(n). Suppose 0 = d + 3*l - o, -2*d - l + 67 + 417 = 0. What are the prime factors of d?
3
Let g(n) = -24*n - 99. Suppose -l = 3, 4*a - 2*l = -53 - 53. List the prime factors of g(a).
3, 191
Let o(c) = -4*c - 49. Let r be o(-5). Let q = r + 185. What are the prime factors of q?
2, 3, 13
Let q = -25856 + 42452. What are the prime factors of q?
2, 3, 461
Suppose 0 = -4*o + b - 9 - 29, 4*b - 32 = 4*o. Let t(r) = -9*r + 16. Let a(m) = 19*m - 32. Let h(u) = 6*a(u) + 13*t(u). What are the prime factors of h(o)?
2, 23
Let o be 8124/(-15)*95/(-38). Suppose -18*k + 2*d = -20*k + o, -5*d - 20 = 0. List the prime factors of k.
3, 227
Let y(v) = 3*v - 23. Let f be y(0). Let z = f + 223. What are the prime factors of z?
2, 5
List the prime factors of (8/4 + 1)*((-198226)/(-21) - 2).
2, 3539
Let f be -2 - (-6 - -11)/(-1). What are the prime factors of (12/(-8))/(f*(-5)/6710)?
11, 61
Suppose -2*t + 2667 = m, -3*m - 3 = -0*m. What are the prime factors of t?
2, 23, 29
Let r = 472 + 76. Suppose 10*b - r = 6*b. What are the prime factors of b?
137
Let s = -352 + 364. Let v(u) = -2*u**2 + 53*u - 77. Let g(j) = j**2 - 26*j + 38. Let h(k) = -7*g(k) - 3*v(k). What are the prime factors of h(s)?
97
Let y(s) = 1 + 34*s**2 - 18 - 6 - 2*s**3 + 24*s - 15. List the prime factors of y(17).
2, 5, 37
Let t be (-70)/12 + (-25)/(-30). What are the prime factors of (3*(t + 6))/((-1)/(-191))?
3, 191
Let m(s) = 30*s - 28. Let l be m(4). What are the prime factors of 4163/l - (-6)/8?
2, 23
Let b = 288 + -166. Let r = 68 + -24. Let k = b - r. What are the prime factors of k?
2, 3, 13
Suppose 4284076 = 457*d - 5910030 - 3846305. List the prime factors of d.
3, 7, 11, 19
Let g = 427 + -427. Suppose g = -3*d + 1294 + 284. List the prime factors of d.
2, 263
List the prime factors of (-466281)/(-7) + 1 + (-18)/(-42).
29, 2297
Let n(f) = -11*f**2 + 15*f - 1. Let r be n(1). Suppose 0*b - r*b + 1980 = 0. What are the prime factors of b?
2, 3, 5, 11
Let d be 2/4*(84 + -2). Let w be ((-50)/(-10))/(-20)*0. Suppose -4*i - i - 3*u = -57, w = 3*i - 5*u - d. What are the prime factors of i?
2, 3
List the prime factors of (-26)/(312/(-299268)) + 16.
5, 7, 23, 31
What are the prime factors of 9/(14 + (-2081685)/148695)?
3, 23, 431
Suppose 185*r - 174*r = 0. Let i = 6 + 3. Suppose -3*u + i = r, -m + 5*m - 5*u - 797 = 0. List the prime factors of m.
7, 29
Let q(o) = 1899*o - 5017. List the prime factors of q(21).
2, 17431
Suppose 200 = 20*h - 15*h. Suppose h*l = 33*l + 2639. What are the prime factors of l?
13, 29
Suppose -3*x + 2379 + 705 = -a, -a = 5*x - 5124. What are the prime factors of x?
2, 3, 19
Let o(i) be the first derivative of -i**4/4 + 8*i**3/3 + 3*i**2 + 8*i - 101. What are the prime factors of o(-3)?
89
Let v = -561 + 563. Suppose 3*n + 3*r - 45 = 0, -3*n - 6*r = -r - 51. List the prime factors of 134 + n - (4 - v).
2, 3
Suppose -134413 = -64*m + 253427. List the prime factors of m.
2, 3, 5, 101
Let x = 34 - -78. Let f = x + 520. List the prime factors of f.
2, 79
Let g(w) = w**3 - 8*w**2 + 7*w + 5. Let p be 14*(-1)/2*-1. Let q be g(p). Suppose q*z - 135 - 235 = 0. What are the prime factors of z?
2, 37
Let i(r) = -r**3 + 16*r**2 - 2*r - 3. Let f be i(16). Let g = f - -42. List the prime factors of 10/105*g + 842/6.
3, 47
Let p = -32 + 36. Suppose 3*w = p*a + 12, 13 - 4 = -3*a. Suppose w = -y + 2*k + 3*k + 50, -3*y + 186 = -3*k. List the prime factors of y.
5, 13
Suppose -48086 + 10142 = -12*w. What are the prime factors of w?
2, 3, 17, 31
Let l(n) = 10*n**3 - 13*n**2 - 2*n + 11. Let q be l(4). List the prime factors of (0 - -346)/(q/33 - 13).
11, 173
Suppose 3*k - 2*n = 135374, 225626 = 180*k - 175*k - 4*n. List the prime factors of k.
2, 7, 11, 293
Suppose -5*k - 6*m + 3938 = -7*m, 796 = k + 4*m. Let p = k - 323. What are the prime factors of p?
3, 5, 31
Suppose 0 = 5*y + 6*m + 2*m - 360, -4*y = 4*m - 276. Let w be (-4)/(-6) + (-4)/6. Let o = y - w. What are the prime factors of o?
2
Let q be (-2 - (-342)/66) + (-4)/22. Suppose t - q*r + 3 = 0, -4*t - 5*r = -0*r - 22. What are the prime factors of (485/5 + t)*1?
2, 5
Let y = -8355 + 13437. What are the prime factors of y?
2, 3, 7, 11
Let c be (-2 + 1)*(0 - 7). Suppose -11*o + 2887 - 907 = 0. Suppose -c*b + 12*b = o. What are the prime factors of b?
2, 3
Suppose 0 = 3*t - 7*t - 16, 2*i - 5*t - 34 = 0. Suppose i*n - 1396 - 396 = 0. What are the prime factors of n?
2
Let j(m) = -11*m + 64. Let y be j(6). List the prime factors of (-2)/((-6)/(-1842)*y).
307
Let s be (-3 - 64/(-20))/(7/385). Suppose -13627 = -s*g - 1505. What are the prime factors of g?
2, 19, 29
Suppose -29 = -n - 5*f, -10*n + 5*f - 33 = -12*n. Suppose -b - n*i = -654, 3*b - 3*i + 0*i = 1977. What are the prime factors of b?
2, 7, 47
What are the prime factors of (-6 + 23)/(26/17758)?
17, 683
Let f be (8/(-24)*6)/((-2)/(-3)). What are the prime factors of (-4677)/f + -2 + 2 + 2?
7, 223
Suppose -5*a - 243 = -433. Suppose 0 = -l + 2*l. Suppose l - a = -c. What are the prime factors of c?
2, 19
Let l = -2446 - -2895. List the prime factors of l.
449
Let q = 16092 + -644. List the prime factors of q.
2, 1931
Let w be (-12)/18 + (-114)/(-9). Suppose w = -4*i, 11 - 28 = -h + 4*i. Suppose 5*r + 14*v - 10*v - 1063 = 0, 5*r + h*v = 1060. What are the prime factors of r?
5, 43
List the prime factors of ((-256)/320 + (-5186)/(-5))/(2/20).
2, 2591
Suppose 86*l - 755801 + 139132 - 389015 = 0. What are the prime factors of l?
2, 3, 1949
Suppose 4*f - 4 = 2*f - 2*z, 0 = 5*f + 4*z - 13. Suppose -f*c - 4487 = -4*o, -4*c = -3*o + 2945 + 420. What are the prime factors of o?
1123
Let c(x) = -4*x - 12. Let w be c(6). Let q = -41 - w. Let t(z) = -z**2 - 8*z - 6. List the prime factors of t(q).
3
Suppose 0 = t - 626 - 764. Suppose -33 + 378 = 23*s. List the prime factors of 3/2*t/